{"id":2057,"date":"2011-07-14T19:45:42","date_gmt":"2011-07-14T18:45:42","guid":{"rendered":"http:\/\/192.168.9.29\/Development\/TB\/?page_id=7"},"modified":"2014-01-06T19:59:15","modified_gmt":"2014-01-06T18:59:15","slug":"brieffachanlagen","status":"publish","type":"page","link":"https:\/\/www.debri.at\/?page_id=2057","title":{"rendered":"Brieffachanlagen"},"content":{"rendered":"<h2><span style=\"color: #ff8c00;\">Unser Montageteam zeichnet sich durch jahrelange Erfahrung in der Montage von Brieffachanlagen aus.<\/span><\/h2>\n<p>&nbsp;<\/p>\n<p>Folgende Leistungen sind bei Montage unserer Briefk\u00e4sten inbegriffen:<\/p>\n<ul>\n<li>Projektierung mit Foto\u00fcbersicht und Montagevorschlag<\/li>\n<li>Offerterstellung<\/li>\n<li>Demontage und\/oder Entsorgung bzw. R\u00fcckgabe einer alten Brieffachanlage an den Eigent\u00fcmer<\/li>\n<li>Montage der neuen Anlage<\/li>\n<li>Einbau neuer Kleinprofilzylinder inkl. 2 Schl\u00fcssel<\/li>\n<li>Umbau bestehender Zylinder ohne Anwesenheit der Mieter<\/li>\n<li>Anfertigung Namensschilder mit Aufdruck des Namens bzw der Top-Nummer<\/li>\n<li>Auf Wunsch inklusive Werbeverzicht-Logo auf der R\u00fcckseite des Namensschilds<\/li>\n<li>Umschlichten von Sendungen aus alten Anlagen in die neue Briefkastenanlage<\/li>\n<li>Nachbestellung bei Verlust der Schl\u00fcssel (Schl\u00fcsselnummer muss vorhanden sein)<\/li>\n<li>Endkontrolle aller montierten Anlagen<\/li>\n<\/ul>\n<p>&nbsp;<\/p>\n<p>Gerne lassen wir Ihnen ein ma\u00dfgeschneidertes Angebot zukommen.<\/p>\n<p>Wir freuen uns auf Ihre Anfrage, per Telefon (+43\u00a01\/729 39 88),<br \/>\nFax (+43\u00a01\/729 39 88),\u00a0E-mail:\u00a0<a href=\"mailto:office@debri.at\">office@debri.at<\/a>\u00a0oder<br \/>\ndirekt \u00fcber das <a title=\"Kontakt\" href=\"http:\/\/www.debri.at\/?page_id=6\">Kontaktformular<\/a>.<\/p>\n<p>&nbsp;<\/p>\n","protected":false},"excerpt":{"rendered":"<p>Unser Montageteam zeichnet sich durch jahrelange Erfahrung in der Montage von Brieffachanlagen aus. &nbsp; Folgende Leistungen sind bei Montage unserer Briefk\u00e4sten inbegriffen: Projektierung mit Foto\u00fcbersicht und Montagevorschlag Offerterstellung Demontage und\/oder Entsorgung bzw. R\u00fcckgabe einer alten Brieffachanlage an den Eigent\u00fcmer Montage der neuen Anlage Einbau neuer Kleinprofilzylinder inkl. 2 Schl\u00fcssel Umbau bestehender Zylinder ohne Anwesenheit der Mieter Anfertigung Namensschilder mit Aufdruck&nbsp;<a href=\"https:\/\/www.debri.at\/?page_id=2057\" class=\"read-more\">Continue Reading<\/a><\/p>\n","protected":false},"author":1,"featured_media":0,"parent":0,"menu_order":0,"comment_status":"open","ping_status":"closed","template":"page-fullwidth.php","meta":[],"_links":{"self":[{"href":"https:\/\/www.debri.at\/index.php?rest_route=\/wp\/v2\/pages\/2057"}],"collection":[{"href":"https:\/\/www.debri.at\/index.php?rest_route=\/wp\/v2\/pages"}],"about":[{"href":"https:\/\/www.debri.at\/index.php?rest_route=\/wp\/v2\/types\/page"}],"author":[{"embeddable":true,"href":"https:\/\/www.debri.at\/index.php?rest_route=\/wp\/v2\/users\/1"}],"replies":[{"embeddable":true,"href":"https:\/\/www.debri.at\/index.php?rest_route=%2Fwp%2Fv2%2Fcomments&post=2057"}],"version-history":[{"count":23,"href":"https:\/\/www.debri.at\/index.php?rest_route=\/wp\/v2\/pages\/2057\/revisions"}],"predecessor-version":[{"id":2463,"href":"https:\/\/www.debri.at\/index.php?rest_route=\/wp\/v2\/pages\/2057\/revisions\/2463"}],"wp:attachment":[{"href":"https:\/\/www.debri.at\/index.php?rest_route=%2Fwp%2Fv2%2Fmedia&parent=2057"}],"curies":[{"name":"wp","href":"https:\/\/api.w.org\/{rel}","templated":true}]}}