{"id":2483,"date":"2014-02-02T22:38:49","date_gmt":"2014-02-02T21:38:49","guid":{"rendered":"http:\/\/www.debri.at\/?page_id=2483"},"modified":"2014-02-06T10:29:06","modified_gmt":"2014-02-06T09:29:06","slug":"prospektfacher","status":"publish","type":"page","link":"https:\/\/www.debri.at\/?page_id=2483","title":{"rendered":"Prospektf\u00e4cher"},"content":{"rendered":"<h2><span style=\"color: #ff8c00;\">Ideal gegen \u00fcberf\u00fcllte Brieff\u00e4cher und als stabile Ablage f\u00fcr Werbemittel!<\/span><\/h2>\n<p>Unsere Prospektf\u00e4cher zeichnen sich durch enorme Stabilit\u00e4t aus. Die F\u00e4cher bestehen aus 1mm starkem, pulverbeschichtetem Stahlblech und sind in den Farben RAL 9007 Graualuminium oder 9016 Verkehrswei\u00df erh\u00e4ltlich.<\/p>\n<div class=\"row\"><div class=\"span2\"><h2><span style=\"color: #ff8c00;\">Ausf\u00fchrung in Graualuminium:<\/span><\/h2><\/div><div class=\"span2\"><h2><span style=\"color: #ff8c00;\">Ausf\u00fchrung in Verkehrswei\u00df:<\/span><\/h2><\/div><\/div> <!-- .row (end) -->\n<div class=\"row\"><div class=\"span2\"><p><a href=\"http:\/\/www.debri.at\/wp-content\/uploads\/2014\/02\/Prospektfach_grau.jpg\"><img loading=\"lazy\" class=\"size-medium wp-image-2486 alignleft\" alt=\"Prospektfach_grau\" src=\"http:\/\/www.debri.at\/wp-content\/uploads\/2014\/02\/Prospektfach_grau-197x300.jpg\" width=\"197\" height=\"300\" srcset=\"https:\/\/www.debri.at\/wp-content\/uploads\/2014\/02\/Prospektfach_grau-197x300.jpg 197w, https:\/\/www.debri.at\/wp-content\/uploads\/2014\/02\/Prospektfach_grau.jpg 295w\" sizes=\"(max-width: 197px) 100vw, 197px\" \/><\/a><br \/>\n&nbsp;<br \/>\nB:330mm<br \/>\nH:215mm<br \/>\nT:115 mm<br \/><\/div><div class=\"span2\"><p><a href=\"http:\/\/www.debri.at\/wp-content\/uploads\/2014\/02\/Prospektfach_weiss.jpg\"><img loading=\"lazy\" class=\"alignnone size-medium wp-image-2496\" alt=\"Prospektfach_weiss\" src=\"http:\/\/www.debri.at\/wp-content\/uploads\/2014\/02\/Prospektfach_weiss-200x300.jpg\" width=\"200\" height=\"300\" srcset=\"https:\/\/www.debri.at\/wp-content\/uploads\/2014\/02\/Prospektfach_weiss-200x300.jpg 200w, https:\/\/www.debri.at\/wp-content\/uploads\/2014\/02\/Prospektfach_weiss-682x1024.jpg 682w\" sizes=\"(max-width: 200px) 100vw, 200px\" \/><\/a><br \/>\nB:330mm<br \/>\nH:215mm<br \/>\nT:115 mm<br \/><\/div><\/div> <!-- .row (end) -->\n<div class=\"span8\"><\/div>\n<h2><span style=\"color: #ff8c00;\">\u00a0<\/span><\/h2>\n<p>&nbsp;<\/p>\n<p>Gerne lassen wir Ihnen ein ma\u00dfgeschneidertes Angebot zukommen.<\/p>\n<p>Wir freuen uns auf Ihre Anfrage, per Telefon (+43\u00a01\/729 39 88),<br \/>\nFax (+43\u00a01\/729 39 88),\u00a0E-mail:\u00a0<a href=\"mailto:office@debri.at\">office@debri.at<\/a>\u00a0oder<br \/>\ndirekt \u00fcber das <a title=\"Kontakt\" href=\"http:\/\/www.debri.at\/?page_id=6\">Kontaktformular<\/a><\/p>\n","protected":false},"excerpt":{"rendered":"<p>Ideal gegen \u00fcberf\u00fcllte Brieff\u00e4cher und als stabile Ablage f\u00fcr Werbemittel! Unsere Prospektf\u00e4cher zeichnen sich durch enorme Stabilit\u00e4t aus. Die F\u00e4cher bestehen aus 1mm starkem, pulverbeschichtetem Stahlblech und sind in den Farben RAL 9007 Graualuminium oder 9016 Verkehrswei\u00df erh\u00e4ltlich. \u00a0 &nbsp; Gerne lassen wir Ihnen ein ma\u00dfgeschneidertes Angebot zukommen. Wir freuen uns auf Ihre Anfrage, per Telefon (+43\u00a01\/729 39 88), Fax&nbsp;<a href=\"https:\/\/www.debri.at\/?page_id=2483\" class=\"read-more\">Continue Reading<\/a><\/p>\n","protected":false},"author":1,"featured_media":0,"parent":2058,"menu_order":0,"comment_status":"open","ping_status":"open","template":"","meta":[],"_links":{"self":[{"href":"https:\/\/www.debri.at\/index.php?rest_route=\/wp\/v2\/pages\/2483"}],"collection":[{"href":"https:\/\/www.debri.at\/index.php?rest_route=\/wp\/v2\/pages"}],"about":[{"href":"https:\/\/www.debri.at\/index.php?rest_route=\/wp\/v2\/types\/page"}],"author":[{"embeddable":true,"href":"https:\/\/www.debri.at\/index.php?rest_route=\/wp\/v2\/users\/1"}],"replies":[{"embeddable":true,"href":"https:\/\/www.debri.at\/index.php?rest_route=%2Fwp%2Fv2%2Fcomments&post=2483"}],"version-history":[{"count":14,"href":"https:\/\/www.debri.at\/index.php?rest_route=\/wp\/v2\/pages\/2483\/revisions"}],"predecessor-version":[{"id":2500,"href":"https:\/\/www.debri.at\/index.php?rest_route=\/wp\/v2\/pages\/2483\/revisions\/2500"}],"up":[{"embeddable":true,"href":"https:\/\/www.debri.at\/index.php?rest_route=\/wp\/v2\/pages\/2058"}],"wp:attachment":[{"href":"https:\/\/www.debri.at\/index.php?rest_route=%2Fwp%2Fv2%2Fmedia&parent=2483"}],"curies":[{"name":"wp","href":"https:\/\/api.w.org\/{rel}","templated":true}]}}

Prospektfächer

<h2><span style="color: #ff8c00;">Ideal gegen überfüllte Brieffächer und als stabile Ablage für Werbemittel!</span></h2>
<p>Unsere Prospektfächer zeichnen sich durch enorme Stabilität aus. Die Fächer bestehen aus 1mm starkem, pulverbeschichtetem Stahlblech und sind in den Farben RAL 9007 Graualuminium oder 9016 Verkehrsweiß erhältlich.</p>
<div class="row"><div class="span2"><h2><span style="color: #ff8c00;">Ausführung in Graualuminium:</span></h2></div><div class="span2"><h2><span style="color: #ff8c00;">Ausführung in Verkehrsweiß:</span></h2></div></div> <!-- .row (end) -->
<div class="row"><div class="span2"><p><a href="http://www.debri.at/wp-content/uploads/2014/02/Prospektfach_grau.jpg"><img loading="lazy" class="size-medium wp-image-2486 alignleft" alt="Prospektfach_grau" src="http://www.debri.at/wp-content/uploads/2014/02/Prospektfach_grau-197x300.jpg" width="197" height="300" srcset="https://www.debri.at/wp-content/uploads/2014/02/Prospektfach_grau-197x300.jpg 197w, https://www.debri.at/wp-content/uploads/2014/02/Prospektfach_grau.jpg 295w" sizes="(max-width: 197px) 100vw, 197px" /></a><br />
&nbsp;<br />
B:330mm<br />
H:215mm<br />
T:115 mm<br /></div><div class="span2"><p><a href="http://www.debri.at/wp-content/uploads/2014/02/Prospektfach_weiss.jpg"><img loading="lazy" class="alignnone size-medium wp-image-2496" alt="Prospektfach_weiss" src="http://www.debri.at/wp-content/uploads/2014/02/Prospektfach_weiss-200x300.jpg" width="200" height="300" srcset="https://www.debri.at/wp-content/uploads/2014/02/Prospektfach_weiss-200x300.jpg 200w, https://www.debri.at/wp-content/uploads/2014/02/Prospektfach_weiss-682x1024.jpg 682w" sizes="(max-width: 200px) 100vw, 200px" /></a><br />
B:330mm<br />
H:215mm<br />
T:115 mm<br /></div></div> <!-- .row (end) -->
<div class="span8"></div>
<h2><span style="color: #ff8c00;"> </span></h2>
<p>&nbsp;</p>
<p>Gerne lassen wir Ihnen ein maßgeschneidertes Angebot zukommen.</p>
<p>Wir freuen uns auf Ihre Anfrage, per Telefon (+43 1/729 39 88),<br />
Fax (+43 1/729 39 88), E-mail: <a href="mailto:office@debri.at">office@debri.at</a> oder<br />
direkt über das <a title="Kontakt" href="http://www.debri.at/?page_id=6">Kontaktformular</a></p>

<p>Ideal gegen überfüllte Brieffächer und als stabile Ablage für Werbemittel! Unsere Prospektfächer zeichnen sich durch enorme Stabilität aus. Die Fächer bestehen aus 1mm starkem, pulverbeschichtetem Stahlblech und sind in den Farben RAL 9007 Graualuminium oder 9016 Verkehrsweiß erhältlich.   &nbsp; Gerne lassen wir Ihnen ein maßgeschneidertes Angebot zukommen. Wir freuen uns auf Ihre Anfrage, per Telefon (+43 1/729 39 88), Fax&nbsp;<a href="https://www.debri.at/?page_id=2483" class="read-more">Continue Reading</a></p>
